811 a multiple of 117?
False
Is 39 a factor of 4368?
True
Is 26 a factor of 3068?
True
Does 105 divide 17023?
False
Is 17 a factor of 21522?
True
Does 14 divide 6707?
False
Is 8 a factor of 1268?
False
Is 2652 a multiple of 26?
True
Is 18 a factor of 231?
False
Is 62 a multiple of 31?
True
Does 26 divide 286?
True
Is 2847 a multiple of 99?
False
Does 10 divide 430?
True
Is 31 a factor of 54591?
True
Is 8 a factor of 13?
False
Is 42 a factor of 1423?
False
Is 10 a factor of 179?
False
Does 19 divide 551?
True
Does 5 divide 104?
False
Does 13 divide 312?
True
Is 5 a factor of 300?
True
Is 4912 a multiple of 141?
False
Is 111 a factor of 234?
False
Is 17 a factor of 914?
False
Does 44 divide 1060?
False
Is 456 a multiple of 57?
True
Does 10 divide 50?
True
Is 52 a factor of 4056?
True
Does 10 divide 3496?
False
Is 2 a factor of 16?
True
Is 327 a multiple of 9?
False
Is 14112 a multiple of 63?
True
Does 3 divide 178?
False
Is 1253 a multiple of 76?
False
Is 34263 a multiple of 27?
True
Is 67 a factor of 36247?
True
Is 3384 a multiple of 3?
True
Does 11 divide 43711?
False
Is 144 a multiple of 2?
True
Does 29 divide 4927?
False
Is 73 a factor of 566?
False
Is 34 a factor of 2131?
False
Is 3621 a multiple of 71?
True
Is 177 a factor of 15045?
True
Is 81 a factor of 1434?
False
Is 289 a multiple of 3?
False
Is 600 a multiple of 40?
True
Is 1221 a multiple of 31?
False
Is 11 a factor of 6633?
True
Is 6 a factor of 6?
True
Is 370 a factor of 7655?
False
Does 13 divide 19604?
True
Is 132 a factor of 14070?
False
Is 342 a multiple of 19?
True
Does 31 divide 218?
False
Is 18 a factor of 2535?
False
Is 1569 a multiple of 44?
False
Does 52 divide 1871?
False
Is 3459 a multiple of 78?
False
Is 30 a factor of 838?
False
Is 42924 a multiple of 147?
True
Does 41 divide 41025?
False
Is 6824 a multiple of 39?
False
Is 912 a multiple of 32?
False
Is 27 a factor of 1647?
True
Is 27 a multiple of 3?
True
Is 38 a factor of 418?
True
Does 17 divide 22153?
False
Is 5 a factor of 438?
False
Is 542 a multiple of 7?
False
Is 69 a factor of 79?
False
Does 31 divide 178?
False
Is 18 a factor of 27033?
False
Is 34977 a multiple of 267?
True
Is 11760 a multiple of 107?
False
Does 17 divide 17?
True
Is 432 a multiple of 18?
True
Does 5 divide 1110?
True
Does 18 divide 9396?
True
Is 26 a factor of 3796?
True
Is 3 a factor of 341?
False
Does 106 divide 530?
True
Is 38 a factor of 26144?
True
Does 61 divide 8795?
False
Is 4 a factor of 2248?
True
Is 26 a factor of 26780?
True
Is 1907 a multiple of 4?
False
Is 8 a factor of 40500?
False
Does 73 divide 1699?
False
Is 9 a factor of 27612?
True
Is 487 a multiple of 10?
False
Is 4 a factor of 1564?
True
Is 119 a multiple of 7?
True
Is 14 a factor of 673?
False
Is 60 a factor of 784?
False
Does 11 divide 243?
False
Does 14 divide 1688?
False
Is 119 a factor of 11811?
False
Is 211 a factor of 16846?
False
Does 127 divide 67117?
False
Is 5848 a multiple of 86?
True
Is 21 a factor of 1916?
False
Does 13 divide 610?
False
Does 39 divide 28782?
True
Is 5 a factor of 15036?
False
Does 10 divide 34053?
False
Does 64 divide 16483?
False
Is 32 a factor of 7994?
False
Is 8 a factor of 2320?
True
Does 13 divide 858?
True
Is 14 a factor of 393?
False
Does 4 divide 105?
False
Is 52 a factor of 1598?
False
Is 31685 a multiple of 4?
False
Does 99 divide 18117?
True
Is 1547 a multiple of 51?
False
Is 1466 a multiple of 32?
False
Is 41 a factor of 757?
False
Does 26 divide 2547?
False
Does 26 divide 20904?
True
Does 24 divide 591?
False
Is 1012 a multiple of 57?
False
Does 28 divide 392?
True
Is 1415 a multiple of 43?
False
Is 23655 a multiple of 10?
False
Is 13 a factor of 54642?
False
Does 20 divide 2280?
True
Is 29351 a multiple of 49?
True
Is 46 a factor of 6344?
False
Is 24 a factor of 19402?
False
Does 8 divide 9112?
True
Does 36 divide 362?
False
Is 1872 a multiple of 8?
True
Does 10 divide 9830?
True
Does 49 divide 10829?
True
Is 10 a factor of 890?
True
Is 315 a multiple of 15?
True
Is 1880 a multiple of 7?
False
Is 1424 a multiple of 89?
True
Is 5742 a multiple of 18?
True
Is 36 a factor of 25884?
True
Is 31 a factor of 5766?
True
Is 9 a factor of 5976?
True
Does 45 divide 14794?
False
Does 89 divide 137547?
False
Does 10 divide 3009?
False
Is 10 a factor of 2150?
True
Is 17 a factor of 86836?
True
Is 2480 a multiple of 20?
True
Does 29 divide 528?
False
Is 1612 a multiple of 13?
True
Is 15 a factor of 238?
False
Is 65 a multiple of 2?
False
Is 59 a factor of 826?
True
Does 66 divide 528?
True
Is 16335 a multiple of 27?
True
Is 13 a factor of 4009?
False
Does 113 divide 2260?
True
Is 59 a factor of 43939?
False
Does 64 divide 20352?
True
Is 95 a factor of 95?
True
Is 75394 a multiple of 253?
True
Is 28 a factor of 476?
True
Is 13 a factor of 20096?
False
Does 3 divide 226?
False
Is 67 a factor of 1885?
False
Is 24 a factor of 8064?
True
Is 64560 a multiple of 16?
True
Does 4 divide 4188?
True
Is 8 a factor of 2514?
False
Does 3 divide 13?
False
Does 87 divide 3962?
False
Is 31 a factor of 20592?
False
Is 14 a factor of 2856?
True
Does 149 divide 1917?
False
Is 125 a factor of 500?
True
Is 236 a multiple of 4?
True
Is 3 a factor of 822?
True
Does 340 divide 59160?
True
Is 10 a factor of 3190?
True
Is 34215 a multiple of 57?
False
Does 181 divide 56187?
False
Is 4030 a multiple of 65?
True
Is 590 a multiple of 10?
True
Is 8 a factor of 1742?
False
Does 23 divide 9811?
False
Does 11 divide 457?
False
Does 115 divide 4370?
True
Is 9754 a multiple of 121?
False
Does 10 divide 32930?
True
Is 15 a factor of 1260?
True
Is 35394 a multiple of 51?
True
Is 19 a factor of 122?
False
Is 106 a multiple of 20?
False
Is 17347 a multiple of 11?
True
Is 10 a factor of 1331?
False
Is 5241 a multiple of 80?
False
Is 3 a factor of 120?
True
Does 11 divide 984?
False
Does 6 divide 83?
False
Is 10 a factor of 240?
True
Does 11 divide 748?
True
Is 1215 a multiple of 9?
True
Is 4 a factor of 230?
False
Is 23898 a multiple of 42?
True
Does 32 divide 8572?
False
Is 39 a factor of 78?
True
Is 23 a factor of 2966?
False
Is 2079 a multiple of 9?
True
Is 17 a factor of 24973?
True
Is 54 a factor of 270?
True
Does 51 divide 616?
False
Is 108 a factor of 9612?
True
Does 24 divide 4170?
False
Is 2677 a multiple of 19?
False
Does 204 divide 4042?
False
Does 9 divide 499?
False
Does 20 divide 1835?
False
Is 21 a factor of 20275?
False
Does 9 divide 297?
True
Is 247 a multiple of 15?
False
Does 19 divide 949?
False
Is 8 a factor of 683?
False
Does 6 divide 229?
False
Is 5 a factor of 9325?
True
Is 99 a factor of 39524?
False
Is 58 a factor of 97556?
True
Is 17825 a multiple of 89?
False
Is 27 a factor of 540?
True
Does 3 divide 1565?
False
Is 9 a factor of 2662?
False
Is 12145 a multiple of 7?
True
Does 137 divide 5773?
False
Is 279 a multiple of 9?
True
Is 357 a multiple of 9?
False
Is 34395 a multiple of 72?
False
Is 2250 a multiple of 25?
True
Does 12 divide 13382?
False
Is 868 a multiple of 4?
True
Is 300 a multiple of 22?
False
Is 166 a factor of 23074?
True
Is 3 a factor of 205?
False
Is 32 a factor of 11008?
True
Is 23 a factor of 58?
False
Does 25 divide 34475?
True
Is 5 a factor of 1705?
True
Is 145 a multiple of 29?
True
Is 14531 a multiple of 26?
False
Does 88 divide 24552?
True
Is 2 a factor of 5?
False
Is 10828 a multiple of 34?
False
Is 4 a factor of 4062?
False
Is 14640 a multiple of 254?
False
Is 19 a factor of 1368?
True
Is 5 a factor of 9371?
False
Does 16 divide 864?
True
Is 37 a factor of 1406?
True
Is 4417 a multiple of 29?
False
Is 18 a factor of 5778?
True
Is 37160 a multiple of 66?
False
Does 31 divide 11253?
True
Is 54272 a multiple of 106?
True
Is 53 a factor of 512?
False
Does 62 divide 534?
False
Is 23 a factor of 4048?
True
Does 27 divide 2810?
False
Is 4725 a multiple of 25?
True
Is 29 a factor of 3170?
False
Is 5773 a multiple of 104?
False
Is 2036 a multiple of 35?
False
Is 45 a factor of 9126?
False
Is 64 a multiple of 3?
False
Is 24 a factor of 648?
True
Is 5 a factor of 425?
True
Does 7 divide 17541?
False
Is 2232 a multiple of 18?
True
Is 3659 a multiple of 12?
False
Does 30 divide 1140?
True
Is 1932 a multiple of 42?
True
Does 13 divide 3029?
True
Is 6105 a multiple of 33?
True
Is 9035 a multiple of 65?
True
Does 10 divide 2042?
False
Is